. Let k be u(1). What is the greatest common factor of 56 and k?
56
Let k(s) = -3*s - 47. Let h be k(-19). What is the highest common factor of h and 30?
10
Suppose 0 = -2*i - t + 153, -i + 3*t + 78 = 5*t. What is the highest common divisor of i and 40?
4
Let y be (-2)/(-4)*(-2 + 2). Suppose y = q - 0 + 1, 3*l - 361 = 4*q. Let z = -54 + 71. Calculate the highest common factor of z and l.
17
Let a be (6 + -2)/(2/10). Let o(b) = 82*b + 8666. Let n be o(-103). What is the highest common factor of a and n?
20
Let p = 462 + -430. Calculate the greatest common factor of 608 and p.
32
Let b = 6 - 2. Suppose 2*o = -4*h + 138, 2*h - 103 = 3*o - 30. Let u be h/(-2)*1/(5/(-8)). What is the highest common factor of b and u?
4
Let o(h) = 9*h. Let a be o(4). Let c be (1/2)/((-3)/a). Let u(w) = -4*w. Let x be u(c). What is the greatest common divisor of x and 72?
24
Suppose -148 - 48 = -m + 4*t, -2*m = -3*t - 402. Calculate the greatest common factor of 170 and m.
34
Let m = 838 + -828. What is the greatest common factor of m and 1010?
10
Let k be 13 + (-4 + 2 - -5). Let s be (2/8)/(2/k). Suppose -s*p + 10 = 0, 2*g - 4*p = -g + 211. Calculate the greatest common factor of g and 7.
7
Let g = -23 + 8. Let r be 5*((-36)/g - 2). Let u be r/8 - (-15)/4. Calculate the highest common divisor of u and 32.
4
Let a = -1290 + 1533. What is the greatest common divisor of a and 36?
9
Let a = -346 + 920. Let u be -3*(2 + -64 + -2). Suppose 3*r - 3*x = 774, -u - a = -3*r - x. Calculate the greatest common divisor of r and 32.
32
Suppose -8*w - 39 + 135 = 0. Let g be (-18)/48 + 35/8. What is the greatest common divisor of w and g?
4
Let d = 160 - 289. Let x = d + 133. What is the highest common divisor of 44 and x?
4
Let w be 16/7 + (-4)/14. Let b(m) = -75*m + 3. Let o be b(0). Calculate the highest common divisor of w and o.
1
Suppose 40 = c + 4*c. Suppose 0 - c = -g. Let x be 1*-80*(-3)/6. What is the greatest common factor of x and g?
8
Let s(t) = -t + 6. Let i be s(-6). Let w be i + 6*(-1)/(-2). Let g be 12/(-3) - (2 - w). What is the greatest common factor of 81 and g?
9
Let q be 7/6 + 1/(-6). Let m(n) = -5*n. Let f be m(-1). Suppose -f*j + 5*l = -35, 3*l = -0*l + 3. What is the greatest common factor of j and q?
1
Suppose 0 = 13*h - 10*h - 78. Suppose -3*m + 2*m = -1556. Let n be (-8)/(-12) - m/(-6). What is the highest common factor of h and n?
26
Let v = 693 + -293. Calculate the greatest common factor of 25 and v.
25
Suppose 84 + 29 = 5*c - r, -2*r - 28 = -c. Let z be (-2)/((36/32)/(-9)). Suppose 10*s + 198 = z*s. Calculate the highest common factor of c and s.
11
Let l(v) = v**2 + 2*v - 5. Let w be l(-6). Calculate the highest common divisor of 703 and w.
19
Suppose -102 = -4*d - 2*n, -3*d - 17 = -n - 86. Suppose 7*i = 3*i - d. Let p be (9/(-4))/(i/64). Calculate the greatest common divisor of 8 and p.
8
Let s(h) = 2*h**2 - 19*h + 15. Let w be -3 + 18 + (0 - 4). Let j be s(w). What is the greatest common factor of 80 and j?
16
Let y be 354/(4 + (-30)/9). Calculate the highest common divisor of 9 and y.
9
Let r = 131 - 123. Calculate the highest common factor of 584 and r.
8
Let c(f) = -f**3 - 10*f**2 - 8*f - 1. Let u be c(-9). Let p be (-2 - 166)*(-5)/u. Let z be 1*(-5)/(10/p). What is the highest common divisor of z and 6?
6
Let h = 176 - 172. Suppose 4*a - 2*o + 64 = 2*o, 0 = -2*o. Let l be (a/(-24))/(h/162). Calculate the greatest common factor of l and 3.
3
Let y(i) = -7*i**3 - 2*i**2 + 2*i + 1. Let q = 24 - 26. Let z be y(q). Let w = 82 - 52. What is the highest common divisor of w and z?
15
Let f be ((-108)/48)/((-3)/(-16)). Let h be ((-16)/f)/(1/90). Suppose -3*v + 70 = 5*s, v = 2*s + 5 - 0. Calculate the highest common factor of v and h.
15
Suppose -10*p = -22*p + 168. What is the greatest common factor of 14 and p?
14
Let l(v) = 2*v**2 - 6*v + 5. Let w be l(-5). Let m(g) = -2*g**3 - 7*g**2 - 6*g - 6. Let s be m(-4). What is the highest common factor of s and w?
17
Suppose -21*z + 22438 = -35795. Calculate the greatest common divisor of z and 47.
47
Let m = -3 - -10. Suppose r = r + 5*r. Suppose -y - 12 = -5*y, 2*t - y - 109 = r. Calculate the highest common factor of m and t.
7
Suppose -8*i + 3*i = -35. Calculate the highest common divisor of 1 and i.
1
Let g(o) be the first derivative of -o**4/4 - 3*o**3 + 3*o**2 - 24*o + 25. Let d be g(-10). Calculate the highest common factor of 24 and d.
8
Suppose 3*i - 3*g + 5*g = 316, 5*i - 2*g - 500 = 0. What is the greatest common divisor of 238 and i?
34
Suppose 4*b - 4*j = 36, j + 33 = 5*b + 2*j. Let l be (60/(-25) - -2)*730/2. Let o = -69 - l. Calculate the highest common factor of b and o.
7
Suppose 0 = 2*k + 2*b - 210, 376 = 4*k + 3*b - 41. Calculate the greatest common factor of k and 42.
6
Suppose 70 = y + 47. Calculate the highest common divisor of y and 736.
23
Let z be (1 + -1)/3 - 23. Let w = -14 - z. Suppose 0*r - 3*r + 3*j + w = 0, 0 = -5*r + 4*j + 14. What is the greatest common divisor of r and 16?
2
Let l be (2 - -1 - (-91)/(-21))*-84. What is the highest common divisor of l and 14?
14
Let t(p) = p**3 - 9*p**2 + 9. Let o be t(9). Let r(q) = 9*q**3 + 4*q**2 - q - 5. Let j be r(2). What is the highest common divisor of o and j?
9
Suppose -4*g + 14*g = 540. Suppose -h - 13 = -3*y + 21, 0 = 5*y + h - 62. What is the highest common factor of y and g?
6
Let t = 1630 + -1530. Calculate the highest common divisor of 275 and t.
25
Suppose 0 = 7*s - 3*s + 12. Let d be 4*(s - 14/(-4)). Suppose -d*b + 4*l = 2*b - 364, 0 = 3*l - 15. Calculate the highest common divisor of 12 and b.
12
Suppose 10*t + 13 - 53 = 0. Suppose 0 = 2*p + 2*a - 38, 4*p - t*a - 39 = -3. Calculate the greatest common factor of 21 and p.
7
Let c(v) = -v**2 + 14*v - 14. Let n be c(17). Let k = n - -83. What is the highest common factor of 54 and k?
18
Let n be (-58)/(-1) - (-57 + 49). Calculate the greatest common factor of 186 and n.
6
Suppose -21*w = -10*w - 7392. What is the highest common divisor of w and 21?
21
Let p = 0 + 2. Suppose p*r + 24 = 168. Calculate the greatest common divisor of r and 9.
9
Suppose -x = 4*b - 59, -2*x + 6 = -b - 94. Let r = -18 + 3. Let l be (-6)/r - 672/(-20). Calculate the highest common factor of x and l.
17
Let f = 1091 - 779. What is the greatest common factor of f and 520?
104
Let q be 5/(-2)*12/(-10). Let p be (-2)/q*(0 + -30). Suppose 18*m - 90 = 15*m. Calculate the highest common factor of m and p.
10
Let o(z) = z**3 - 3*z**2 + 4*z - 7. Let q be o(3). Let v be ((378/(-12))/7)/((-1)/10). Calculate the greatest common divisor of v and q.
5
Let o be -1 + (23/(-3))/(2/(-6)). Let g = -148 + 346. What is the greatest common factor of g and o?
22
Let r(p) = -p**3 + 4*p**2 + 6*p + 2. Let d be r(6). Let j = -18 - d. Let g be (2 - -30)*9/18. What is the greatest common factor of g and j?
16
Let o(n) = 3*n**2 + 24*n + 80. Let b be o(-3). Calculate the highest common factor of b and 364.
7
Suppose 2*y - 3*p - 248 = -6*p, -5*y = 4*p - 634. What is the highest common divisor of y and 10?
10
Suppose 0 = q - 2*q + 13. Let u(w) = 14*w + 9. Let k be u(4). What is the greatest common factor of k and q?
13
Suppose y - 80 = 13*v - 17*v, y - 2*v = 50. Calculate the greatest common divisor of 375 and y.
15
Let d be (2/(-6))/(1/(-9)). Suppose 2 = -2*n, 2*u - d*n = 16 - 1. Suppose 2*k + 8 = o, -o + u = 3*o + 5*k. Calculate the greatest common factor of o and 6.
2
Suppose -5*a = -85 - 80. Let m be (-2)/(-3) + 7/3. What is the highest common factor of a and m?
3
Let r be 2/4 - 65/(-2). Let u be 99/(-2)*88/(-12). What is the highest common factor of u and r?
33
Let d(o) = -4*o**3 - 9*o**2 - 5*o. Let r be d(-2). Calculate the highest common divisor of r and 96.
6
Let a be (630/147)/(6/21). Let s(w) = w**3 + 5*w**2 + 4*w + 3. Let o be s(-4). Calculate the greatest common factor of a and o.
3
Suppose 3*p = 8*t - 4*t - 1208, -4*p - 1212 = -4*t. What is the highest common divisor of 161 and t?
23
Let w be (-4)/10 - 76/10. Let c(k) = k**3 + 9*k**2 + k - 22. Let z be c(w). What is the highest common divisor of 34 and z?
34
Suppose 3*n + r = 3, -2*n + 4*n + 5*r + 11 = 0. Suppose l - 3*c = n*c + 19, 2*c = l - 10. Calculate the highest common divisor of l and 20.
4
Let v be -3*(-2 + 4)/(-2). Let k(n) = 434*n**2 + n + 1. Let h be k(-